nder when 584 is divided by 28.
24
Calculate the remainder when 122 is divided by 65.
57
What is the remainder when 537 is divided by 37?
19
Calculate the remainder when 44 is divided by 9.
8
Calculate the remainder when 3844 is divided by 52.
48
Calculate the remainder when 183 is divided by 23.
22
Calculate the remainder when 7516 is divided by 179.
177
What is the remainder when 176 is divided by 36?
32
Calculate the remainder when 8731 is divided by 168.
163
Calculate the remainder when 115 is divided by 17.
13
Calculate the remainder when 117 is divided by 24.
21
What is the remainder when 437 is divided by 162?
113
Calculate the remainder when 1622 is divided by 446.
284
Calculate the remainder when 384 is divided by 115.
39
What is the remainder when 333 is divided by 110?
3
Calculate the remainder when 474 is divided by 114.
18
What is the remainder when 11431 is divided by 41?
33
What is the remainder when 4070 is divided by 2032?
6
Calculate the remainder when 9434 is divided by 51.
50
Calculate the remainder when 462 is divided by 145.
27
Calculate the remainder when 183 is divided by 2.
1
What is the remainder when 144 is divided by 55?
34
Calculate the remainder when 79 is divided by 9.
7
What is the remainder when 333 is divided by 167?
166
What is the remainder when 96 is divided by 13?
5
Calculate the remainder when 545 is divided by 104.
25
What is the remainder when 186 is divided by 88?
10
Calculate the remainder when 52 is divided by 24.
4
What is the remainder when 376 is divided by 105?
61
Calculate the remainder when 248 is divided by 12.
8
Calculate the remainder when 160 is divided by 25.
10
Calculate the remainder when 673 is divided by 45.
43
Calculate the remainder when 1702 is divided by 55.
52
What is the remainder when 409 is divided by 102?
1
Calculate the remainder when 2322 is divided by 231.
12
What is the remainder when 53 is divided by 19?
15
Calculate the remainder when 287 is divided by 280.
7
Calculate the remainder when 139 is divided by 4.
3
Calculate the remainder when 79 is divided by 17.
11
Calculate the remainder when 295 is divided by 6.
1
Calculate the remainder when 13395 is divided by 197.
196
Calculate the remainder when 2377 is divided by 149.
142
Calculate the remainder when 457 is divided by 123.
88
What is the remainder when 779 is divided by 98?
93
Calculate the remainder when 1271 is divided by 36.
11
Calculate the remainder when 158 is divided by 23.
20
What is the remainder when 42 is divided by 23?
19
Calculate the remainder when 152 is divided by 80.
72
Calculate the remainder when 106 is divided by 17.
4
Calculate the remainder when 816 is divided by 150.
66
Calculate the remainder when 285 is divided by 55.
10
Calculate the remainder when 989 is divided by 4.
1
What is the remainder when 1258 is divided by 60?
58
Calculate the remainder when 347 is divided by 70.
67
Calculate the remainder when 35 is divided by 18.
17
Calculate the remainder when 19167 is divided by 15.
12
What is the remainder when 340 is divided by 88?
76
What is the remainder when 717 is divided by 215?
72
What is the remainder when 1317 is divided by 10?
7
What is the remainder when 195 is divided by 66?
63
Calculate the remainder when 132 is divided by 35.
27
What is the remainder when 1548 is divided by 307?
13
What is the remainder when 1207 is divided by 603?
1
Calculate the remainder when 941 is divided by 63.
59
What is the remainder when 139 is divided by 74?
65
Calculate the remainder when 239 is divided by 88.
63
What is the remainder when 238 is divided by 71?
25
Calculate the remainder when 1115 is divided by 5.
0
Calculate the remainder when 1786 is divided by 23.
15
What is the remainder when 7181 is divided by 8?
5
What is the remainder when 1165 is divided by 318?
211
Calculate the remainder when 34 is divided by 28.
6
What is the remainder when 33 is divided by 23?
10
Calculate the remainder when 2602 is divided by 1296.
10
What is the remainder when 131 is divided by 19?
17
Calculate the remainder when 128 is divided by 22.
18
What is the remainder when 30 is divided by 12?
6
What is the remainder when 700 is divided by 3?
1
Calculate the remainder when 623 is divided by 33.
29
Calculate the remainder when 3487 is divided by 166.
1
Calculate the remainder when 504 is divided by 62.
8
What is the remainder when 140 is divided by 35?
0
What is the remainder when 691 is divided by 151?
87
What is the remainder when 425 is divided by 62?
53
What is the remainder when 487 is divided by 23?
4
Calculate the remainder when 542 is divided by 68.
66
What is the remainder when 517 is divided by 175?
167
Calculate the remainder when 241 is divided by 25.
16
What is the remainder when 657 is divided by 110?
107
What is the remainder when 160 is divided by 28?
20
Calculate the remainder when 300 is divided by 8.
4
Calculate the remainder when 100 is divided by 36.
28
What is the remainder when 512 is divided by 88?
72
Calculate the remainder when 48 is divided by 21.
6
Calculate the remainder when 682 is divided by 132.
22
Calculate the remainder when 101 is divided by 79.
22
Calculate the remainder when 156 is divided by 78.
0
Calculate the remainder when 12252 is divided by 95.
92
Calculate the remainder when 2537 is divided by 838.
23
What is the remainder when 170 is divided by 65?
40
Calculate the remainder when 6191 is divided by 59.
55
Calculate the remainder when 544 is divided by 14.
12
Calculate the remainder when 677 is divided by 5.
2
What is the remainder when 70 is divided by 19?
13
What is the remainder when 2195 is divided by 42?
11
What is the remainder when 220 is divided by 9?
4
What is the remainder when 764 is divided by 13?
10
Calculate the remainder when 259 is divided by 18.
7
What is the remainder when 434 is divided by 29?
28
Calculate the remainder when 1736 is divided by 157.
9
Calculate the remainder when 181 is divided by 68.
45
What is the remainder when 89 is divided by 10?
9
What is the remainder when 55 is divided by 5?
0
Calculate the remainder when 44 is divided by 44.
0
Calculate the remainder when 190 is divided by 48.
46
What is the remainder when 163 is divided by 43?
34
What is the remainder when 666 is divided by 78?
42
What is the remainder when 78 is divided by 64?
14
Calculate the remainder when 296 is divided by 43.
38
Calculate the remainder when 3033 is divided by 12.
9
What is the remainder when 183 is divided by 49?
36
Calculate the remainder when 160 is divided by 46.
22
What is the remainder when 283 is divided by 74?
61
Calculate the remainder when 4786 is divided by 57.
55
What is the remainder when 16573 is divided by 17?
15
What is the remainder when 982 is divided by 249?
235
What is the remainder when 2523 is divided by 149?
139
What is the remainder when 273 is divided by 182?
91
Calculate the remainder when 1495 is divided by 20.
15
What is the remainder when 2356 is divided by 5?
1
What is the remainder when 20317 is divided by 127?
124
Calculate the remainder when 180 is divided by 32.
20
Calculate the remainder when 100 is divided by 6.
4
Calculate the remainder when 389 is divided by 14.
11
Calculate the remainder when 44 is divided by 23.
21
What is the remainder when 6221 is divided by 31?
21
Calculate the remainder when 234 is divided by 15.
9
What is the remainder when 11856 is divided by 49?
47
What is the remainder when 121 is divided by 63?
58
Calculate the remainder when 900 is divided by 41.
39
Calculate the remainder when 1733 is divided by 28.
25
Calculate the remainder when 5253 is divided by 8.
5
What is the remainder when 304 is divided by 278?
26
What is the remainder when 9719 is divided by 11?
6
What is the remainder when 382 is divided by 62?
10
Calculate the remainder when 753 is divided by 63.
60
What is the remainder when 248 is divided by 50?
48
Calculate the remainder when 19809 is divided by 70.
69
What is the remainder when 167 is divided by 85?
82
Calculate the remainder when 3874 is divided by 155.
154
What is the remainder when 20100 is divided by 23?
21
Calculate the remainder when 678 is divided by 17.
15
What is the remainder when 1552 is divided by 24?
16
What is the remainder when 900 is divided by 592?
308
